der when t + 25 - (-3 + 0) is divided by n(-10)?
15
Let w(i) = 3901*i + 23787. Calculate the remainder when 1524 is divided by w(-6).
0
Let i = 4589 + -4582. Calculate the remainder when 74 is divided by i.
4
Suppose -4*r - 3*d - 1 - 8 = 0, -d - 7 = 2*r. Calculate the remainder when 528 is divided by 264/14 - r/42.
15
Let u(d) = -17*d - 9. Let y = -524 - -564. What is the remainder when u(-5) is divided by y?
36
Suppose d - 461 = -3*o + 233, d = -o + 232. Let n = 20 + -11. What is the remainder when o is divided by n?
6
Suppose 4*l + 0*l = 40. Let j = 65 + -64. Let a(g) = 6*g**3 - g**2 - g + 1. Calculate the remainder when l is divided by a(j).
0
Suppose 692 + 914 = 13*g - 2*g. Suppose 5*m = m + 148. Calculate the remainder when g is divided by m.
35
Let h be 3 - 3 - 1*2. Let v be ((-11)/(-22))/(h/180). What is the remainder when 125 is divided by (18/(-12))/1 - v/2?
20
Let v(w) = 172*w + 429. Let k be v(-3). Suppose -13 + 334 = -3*u. Let y = k - u. What is the remainder when 37 is divided by y?
17
Let f(h) = 2*h**2 + 35*h + 3. Let j be f(-17). Let i = 68 - j. Suppose 0 = -3*z + 87 - 36. Calculate the remainder when i is divided by z.
14
Let n(h) = h**2 + h + 46. Suppose 5*z = z. Let c(k) = -k**3 - 17*k**2 + 62*k + 46. Calculate the remainder when n(z) is divided by c(-20).
4
Calculate the remainder when 95/(-38 + 36 - 22/(-10)) is divided by 126.
97
Let k = -31404 - -33972. Calculate the remainder when 5146 is divided by k.
10
Let w(y) = 19*y**2 + 1168*y + 4686. Calculate the remainder when w(-4) is divided by 22.
10
Suppose 1654*k - 1674*k + 540 = 0. Calculate the remainder when 182 is divided by k.
20
Let a(v) = -14*v**2 - 2*v + 76. What is the remainder when a(0) is divided by 16?
12
Let g(b) = -2*b. Let r be g(-2). Let z be 0 - r/18 - 392/(-63). What is the remainder when 101 is divided by 385/15 - -2*1/z?
23
Let d(x) = 7*x**2 - 52*x + 8. Let f(g) = -41*g - 6. Calculate the remainder when f(-4) is divided by d(8).
38
Suppose -3*a + 3*j + 69 = 0, -2*a + 5*j + 18 + 40 = 0. Let p = 0 + 2. Calculate the remainder when a - -2*3/p is divided by 12.
10
Let t be 3093 + 1 + -4 + (2 - 5). Suppose -20*g + 29*g - t = 0. Calculate the remainder when g is divided by 23.
21
Suppose -5*u + 495 = -3*x, 212 = 2*u + 98*x - 102*x. Let i = 215 - u. Calculate the remainder when i is divided by 1/2 + (-123)/(-2).
57
Suppose 17 = -32*m + 33*m. Suppose -5*n + 4*p + 116 = 0, 0 = 2*n - p - m - 27. Let d = 85 + 13. What is the remainder when d is divided by n?
18
Let y = -2133 + 2285. What is the remainder when y is divided by 48?
8
Let u be 2/2*18/((-240)/40). Suppose p - 5*p = -60. What is the remainder when 27 is divided by 5/((-125)/(-395)) - u/p?
11
Suppose 63*x - 64*x = -282. Let t = x + -281. What is the remainder when 1 is divided by t?
0
Suppose 47*l - 622 - 264 = 336. Suppose 153 = -3*q + 21. Let u = 117 + q. What is the remainder when u is divided by l?
21
Let f(a) = -a**2 + 16*a + 176. Suppose -3*q - z = 18, -3*q - 4*z = -2*z + 15. Calculate the remainder when 118 is divided by f(q).
13
Suppose 4*r + 382 = 1258. What is the remainder when r is divided by 64?
27
Let j = -46 + 424. Let a = j + -274. What is the remainder when a is divided by 56?
48
Let n = -12 + 22. Let j(l) = -n - 1 + 7*l - 13 + 1. What is the remainder when j(7) is divided by 7?
5
Let a = 784 + -775. Suppose -a*o = -1738 - 161. What is the remainder when o is divided by 74?
63
What is the remainder when ((-14)/28)/(4/(-2936)) is divided by 47?
38
Let d(y) = y**3 - 72*y**2 + 573*y - 9. What is the remainder when d(8) is divided by 371?
108
Let w(t) = 2*t**2 - 2. Suppose v + 5*m + 24 = 0, 3*v + 4*m = 2*m - 7. Let d be 3 + v + -7 + 5. Calculate the remainder when w(d) is divided by 3.
0
Let n = -128 + 226. What is the remainder when n is divided by (-80)/(-18)*(-261)/(-58)?
18
Let m = -9298 + 9340. Calculate the remainder when 349 is divided by m.
13
Suppose -3*p + 2*p + 42 = 0. Let l = 32639 + -32611. What is the remainder when p is divided by l?
14
Let g(l) = -28*l - 1524. What is the remainder when 3388 is divided by g(-55)?
12
Let b(i) = 4*i**3 + 3*i**2 + 5*i + 23. Let p be b(-6). Let u = p + 829. Let t(m) = 9*m - 1. Calculate the remainder when u is divided by t(2).
15
Let q(k) = -16*k + 863. What is the remainder when q(-150) is divided by 51?
50
Suppose -4*s - 38 - 23 = l, s = 0. Let y = l + 89. What is the remainder when 110 is divided by y?
26
Suppose -18*a - 353 = -1811. Suppose -3*k = -2*z - 5*k + 482, z - 5*k - 241 = 0. What is the remainder when z is divided by a?
79
Suppose 140*h - 43*h - 3104 = 0. What is the remainder when 227 is divided by h?
3
Let n be (259/(-4))/(14/56). Let r = -208 - n. Calculate the remainder when r is divided by 34.
17
Let m(u) = -u**3 - 4*u**2 + 11*u + 16. Let o be m(-7). Suppose 17*w - w = 176. Suppose -w*d + o = -189. What is the remainder when d is divided by 9?
7
Let a be ((-16)/(-12))/(2/3). Let o(y) = 188*y - 5. Calculate the remainder when o(a) is divided by 31.
30
Let l = 20 - -65. Let t = l - 81. Suppose -3*y + 115 = t*i, -y + 3*y - 3*i = 54. What is the remainder when y is divided by 7?
5
Let t = 61 - 14. Suppose 2*g = -k + 4, 5*k + g = -g + 4. What is the remainder when t is divided by (k + 10/6)/(2/30)?
22
Let y(s) = s**3 + 7*s**2 + 10*s + 1. Let a be y(-5). Let d(n) = 44*n**3 - n**2 + 4*n - 4. Calculate the remainder when d(a) is divided by 31.
12
Suppose 18*m - 14*m + 4*y - 2440 = 0, 0 = -3*y - 3. Calculate the remainder when m is divided by 113.
46
Let c(a) = 8*a + 10. Let z be c(-2). Calculate the remainder when 0 - 1 - (138/z + -1) is divided by 13.
10
Suppose -z = m - 61, 0 = -3*z + 2*z + 4*m + 36. Suppose 0 = 5*n - 27*n + 44. What is the remainder when z is divided by n?
0
Let u = -3870 - -4000. What is the remainder when 2987 is divided by u?
127
Let l = 2486 + -2275. Calculate the remainder when l is divided by 44.
35
Let r(j) = 37*j**2 + 72*j - 133. Calculate the remainder when 2859 is divided by r(2).
156
Suppose 0 = -c + f + 26 + 15, 0 = -5*c + 3*f + 197. Calculate the remainder when 3 - 2/4*-107 - 45/(-30) is divided by c.
21
Let z = -3337 - -3363. What is the remainder when 556 is divided by z?
10
Suppose -7*t + 2*t - 875 = 2*x, 0 = 4*x. Let h be (-3)/48*4 + t/4. Let y = h - -78. What is the remainder when y is divided by 6?
4
Let q(z) = -z - 12. Let m be q(-8). Let o be (1/(m/184))/(-2). Let j = 115 - o. Calculate the remainder when j is divided by 19.
16
Let y be 8/(-4) - (14 + -17). Suppose 0 = -2*m - 6, m - 2487 = -4*b + 1766. Calculate the remainder when 52 is divided by b/57 + y/3.
14
Let d = 460 + -355. Let z = 24 + d. What is the remainder when z is divided by 20?
9
Suppose -2*j = 2*s - 170, -689*j - s - 99 = -690*j. Calculate the remainder when j is divided by 12/18*(-402)/(-4).
25
Let o(l) = l**3 - l**2 - 89*l - 18. Let v be (-2 + -5)*8/7. Calculate the remainder when o(v) is divided by 34.
16
Let c = 2599 - 1476. Suppose -731 = -4*d + 2*w + c, 3*w = -d + 446. Suppose -215 - d = -4*q. What is the remainder when q is divided by 43?
40
Let n(w) be the first derivative of -13*w**2/2 - 58*w - 21. Let h be n(-9). Let j = -27 + h. What is the remainder when j is divided by 12?
8
Suppose -2*n - 23 + 19 = 0. Let s be -2 + 52*1/2. Let t = n + s. Calculate the remainder when 65 is divided by t.
21
Let y(g) = 37*g**3 - 9*g**2 + 12*g + 10. Calculate the remainder when y(2) is divided by 23.
18
Suppose 4*t - f - 29 = 0, -7 = 5*f + 18. Calculate the remainder when 93 is divided by t/(-4)*((-580)/30 + -8).
11
Let z = -1025 + 609. Let q = z + 591. Let c = 24 - 8. What is the remainder when q is divided by c?
15
Let n(h) = h**3 + 8*h**2 + 11*h + 4. Let s be n(-7). What is the remainder when 223 is divided by (190/40)/((-6)/s)?
14
Let t(d) = -d**2 - 8*d - 10. Let g be t(-6). Let h(w) = -6*w**3 + 8 - w**3 + w**3 + 7*w**3 + 6*w**g + 7*w. What is the remainder when 33 is divided by h(-4)?
9
Suppose 0 = -0*z + 37*z - 1313 - 1166. Calculate the remainder when z is divided by 36.
31
Let i(v) = 1800*v**2 + 15*v + 12. What is the remainder when i(-1) is divided by 75?
72
Suppose -x - 36 + 22 = -21, -1655 = -4*n - x. What is the remainder when n is divided by (-13)/((-1)/(-4)*-1)?
48
Let n be (-3)/((-70)/16 + 4). Suppose -y + 1 = n. Let